 -3 - 10)?
-10
(3 - (2 - -6)) + (14 - -1) + -34 + 40
16
Evaluate 3 - ((15 - (-10 - -17) - 4) + -13).
12
What is the value of -2 - 13 - -7 - (13 + (6 - -8)) - -7?
-28
-14 + 14 + (4 - -100) - (-1 - -1)
104
Evaluate 97 + 3 - (-28 + (14 - -9) + -12).
117
What is the value of -7 - (-19 - (1 + -9)) - (-7 + 19) - -28?
20
What is -10 + (20 - 4 - -1) + 127 + -131?
3
Calculate -27 + 20 - (-4 + 5 + 27 - -3).
-38
What is the value of -23 - (35 - 50 - -37)?
-45
What is (0 - 28) + (482 - 451) + -19?
-16
Calculate 5 - ((-1383 - -1411) + 1 + -45).
21
(82 - 10 - 21) + 22 - -7
80
What is -30 + (11 + 87 - 105)?
-37
Calculate (3 - -1 - -45) + -4 + 6 + 9 + -25.
35
Calculate 6 + (-74 - -208) + -1 + (-16 + -1 - -2).
124
What is the value of -6 - 1 - (-269 + 270 - (-2 - (45 + 2)))?
-57
Evaluate 16 - ((-2 - -1 - -3) + 12 + -28).
30
Evaluate 9 + 0 - (-14 - -23) - (-6 + -19).
25
What is the value of 42 - ((-14 - 2) + 34 - 13)?
37
Evaluate (-17 - 3) + (48 - 35) + -8.
-15
Calculate 18 + (2 - 5) + (53 - (22 + 120)).
-74
Evaluate (510 - 353) + (7 - (4 - -45)).
115
Evaluate 26 + (-88 - (-2 - -32)) + -3.
-95
What is 2 - 12 - (27 - (-93 - -87))?
-43
What is (200 - 160) + 6 + (6 - 0) + 3?
55
(1 - (1 - -12 - 1)) + (-88 - -40) + 74
15
What is (-86 - -7) + (59 - 43)?
-63
What is 30 + (-11 - (23 - 15)) + 12?
23
Evaluate 1 - (12 + (20 - 5) + -4 - 0).
-22
Calculate 38 - (-4 + (-40 - -96)).
-14
Calculate 83 + -38 - 90 - -34.
-11
Evaluate -454 + 404 - (2 + (-8 - 3) + 0).
-41
What is the value of (17 - 2) + (0 - 83 - (1339 - 1330))?
-77
What is the value of 21 - 2 - ((333 - 161) + -148)?
-5
What is the value of 2 + (4 - 40 - -41 - (-1 - -49))?
-41
Calculate 11 - (82 - 84 - (1 - 2 - 14)).
-2
Evaluate (20 + 1 + -3 + 4 + -13 - 16) + -72.
-79
What is the value of (9 + 33 - 16 - 79) + 43?
-10
What is (149 - 107) + -167 + -8 - 6?
-139
185 + -177 + (1 - 0) + 34 + 0 + 1
44
What is the value of (2 - 13) + -1 + -15 + 111 + -44?
40
Calculate 1 + -35 + -29 + -85 + 134 - 11.
-25
Evaluate -3 + (0 - 51) - (-119 + 54 - -71).
-60
10 - (67 + 8 + -10 + -6 + 0)
-49
3 - -37 - ((12 - 0) + -4 + 28 + -47)
51
Calculate (11 - -6 - 41 - (16 - 1)) + 13.
-26
What is 11 - ((-61 + 28 - -18) + (-8 - -11))?
23
Calculate 14 + -32 + -8 + 22 + -31 - (3 + -1).
-37
Calculate -15 - ((-34 + 15 - -35) + 2).
-33
What is 88 - (58 - 64 - (6 + -18 - 5))?
77
What is the value of 28 + 121 + (-84 - 59)?
6
1 + -83 - (-3907 - -3774)
51
What is the value of -239 - -282 - (-2 + (5 - 3))?
43
Evaluate -14 + 36 + (2 - 6) + (14 - 55).
-23
What is (-40 - (-41 + 25)) + 13 + 0 + 0?
-11
What is the value of 10 + -1 - (23 + (-86 - -62) + (4 - 4))?
10
What is the value of -62 + (47 - (65 + -53))?
-27
Evaluate -29 + -1 + (101 - 110) + 96.
57
Calculate (-17486 - -17517) + (-53 - -1).
-21
What is the value of (8 - 2) + -13 + -2 + (5 - (10 + -5))?
-9
What is the value of 143 + ((11 - (16 + -20)) + -23 - -14)?
149
What is (56 - 41) + (-3 - -16) + -47?
-19
What is 49 + (-53 - 20) - -34?
10
What is the value of -2 - 8 - -15 - -5 - 17 - 0?
-7
Evaluate -8 - (-6 - -9) - (15 - -17 - 122).
79
Calculate 46 + -34 - -61 - 59.
14
Evaluate (4 - (27 - 7 - 11)) + 22 + -11 + -68.
-62
What is -30 + (62 - (7 + 8))?
17
What is -14 + (-47 + (0 - -39) - -35)?
13
Evaluate (-23 - -61) + (-6 - -1) - (2 + -11).
42
-5 - (-3 - -1) - 10 - (-58 + 5)
40
Calculate (-38 - -27) + (138 - 3) - 24.
100
What is the value of (1 - 50) + (10 - (13 + 10)) + 1?
-61
6 - (31 + (-60 - 1) - (-6 + -1) - 7)
36
What is (166 - (37 + 6)) + -6 + -28?
89
Calculate -2 - -9 - (0 - (-47 + -6)).
-46
Evaluate (-2 - -3 - 38) + 1 + 145 + -185 + 33.
-43
Evaluate -7 + 0 + -3 + 23 + -55 + (5 - 2).
-39
What is the value of 44 + -29 + 29 + -72?
-28
What is the value of -22 - 12 - -50 - (-13 - 2)?
31
Evaluate 6 - (6 - -30) - -54.
24
Calculate (184 - 209) + 2 + -19.
-42
What is 6 + 0 + (1 - (-4 - (9 + 2)) - 13)?
9
What is the value of -50 - ((-14 - (-11 + -5 + 5)) + 0) - 7?
-54
What is -529 + 500 + (-8 - -17)?
-20
What is (2 - 79) + 13 + 7 + (3 - (3 + 2))?
-59
7 - (-39 + 30) - (11 - 14)
19
Calculate 73 + (-41 - 44) + 2 + -2 + 0.
-12
What is the value of (23 - (66 - 29)) + -20 + 14?
-20
(12 + -25 + 17 - 36) + 103
71
What is the value of 24 + -14 + (10 - 26)?
-6
What is the value of 14 - (0 - -1) - (-18 - (-48 - 73))?
-90
Calculate -15 + (-53 - (89 + -171)).
14
What is the value of 46 + -75 + -32 - -22?
-39
-83 + (-281 + 287 - (5 - 26))
-56
Calculate -32 + 36 - (8 + -1) - (0 - -1 - -54).
-58
Evaluate -7 + (-9 - -24) + 14 - (6 + (2 - 3)).
17
Calculate 0 + -4 + (26 - 1) + (97 - 205 - -96).
9
What is (-75 - 0) + (-252 - -380) + -100?
-47
What is (0 - 6) + (4 - (11 - (-25 + 13 - 11)))?
-36
What is 15 - (-14 - -5) - 2?
22
What is the value of 0 - -48 - (3743 + -3657)?
-38
Evaluate -47 - 3 - (296 + -375).
29
(-52 - 16) + 15 - -109
56
Calculate -20028 + 20012 - (0 + -108).
92
What is the value of 12671 + -12650 - ((60 - -1) + (6 - 3))?
-43
What is 29 + -8 - ((-3 - -9) + (0 - 0))?
15
What is -1 - -70 - (-18 + (14 - -17))?
56
Evaluate -20 + (-6 - (-4 + -2 + -18)).
-2
Evaluate -4407 + 4459 - (143 - 1).
-90
What is the value of -3 + 7 - ((65 - 31) + -107)?
77
What is 46 - (-57 - (-14 - 91))?
-2
What is the value of -36 + (-2 - -22 - -26)?
10
Calculate 122 + (-17 - -1) + 16 + (4 - 11) + -7.
108
What is the value of 30 - (6 + -4 + 4) - (12 + -18 + 0)?
30
Calculate -15 + (20 - 16 - 6) - -9 - (1 + -4).
-5
Evaluate 17 + (-26 - -44) + 12.
47
Evaluate -4 + (0 - -25) + 170 + -211.
-20
Evaluate (80 - -25 - 21) + -172.
-88
What is 16 - (-29 + 236 - 70)?
-121
What is -17 + -17 + (-31 - -19) + 20 + -1 + -12?
-39
Evaluate 0 + -40 - (473 + -460 - (-1 + 22)).
-32
What is the value of 23 + 191 - (70 - -32)?
112
Calculate 26 + -36 + 6 + -5 + -9 + 16 + 6.
4
Evaluate -69 + (-25 - -38) + 40.
-16
What is the value of (-85 - (-137 + 75)) + 1?
-22
What is the value of (8 - -7) + (190 - 156)?
49
What is the value of -43 - (-85 + (-20 - 4))?
66
Calculate 2 + 14 + 7 - (-38 + 37).
24
-3 + 40 + -2 + 3 + 15 + -19
34
Calculate -22 - (-1 + -4) - (-270 + 309).
-56
What is 17 - ((-15 - -31) + 31 + 23)?
-53
What is -25 + (58 - -71) + -10?
94
What is the value of 92 + (-10 - (7 + -9)) - (18 + 1 - 11)?
76
Calculate 82 + 0 + 18 + (-43 - -29).
86
(80 + -29 - 36) + 5 + 3
23
What is the value of 2 - (-31 + (35 - -15)) - 19?
-36
Evaluate -1 - 17 - 18 - -119.
83
29 - 9 - (361 - 357)
16
What is 53 - (7 + 0 + 23 + -35) - (3 - -1)?
54
Evaluate -1 - 23 - ((-25 - -46 - 27) + 15).
-33
Evaluate -32 + 13 + 64 - (45 - 19).
19
Evaluate (-2 - 4 - 0) + (-1 - (-18 + -3)).
14
Calculate 23 + -45 + (4 - (15 - 22)) + -70.
-81
Evaluate 4 + (128 + -27 - 60) - (-1 - 17).
63
1 - (-138 + 0) - (-2 + (-48 - 3) + 68)
124
What is the value of 59 + (-18 - (-37 + (9 - -8)))?
61
What is -130 + (-20 + 0 - (3 - 34) - -4)?
-115
Evaluate 409 - 511 - (27 - 26 - (4 - 0) - -11).
-110
Evaluate -1 + -34 + (-54 - -243) + -134.
20
What is -15 - ((-159 + 163 - (3 - -1)) + -4)?
-11
What is (12 + 5 - -3) + -44 + 52 + -3 + 0?
25
Evaluate -55 - (28 + -27 - -6) - (-3 - -9).
-68
Calculate -81 - (-12 + (9 - -10 - 18 - (-2 + -2))).
-74
What is the value of -86 + (73 - -25) + -80?
-68
Calculate (132 - 52) + -112 + 147.
115
0 + -109 + 15 + (-57 - -14) + (-14 - -57)
-94
Evaluate (21 - -18) + -2 + 22 + -9.
50
What is the value of -11 + 2 - (-11 + (-36 - -1) + (206 - 211))?
42
Calculate -3 + (14 - -32) + -27 - -93.
109
What is the value of 2 - 29 - (24 - (15 + (-9 - -17)))?
-28
(3 - 86) + 0 + (25 + -1 + -18 - -3)
-74
What is (-6326 - -6318) + 6 + (1 - 1)?
-2
Calculate -30 + (-4 - (-6 - 12 - -13)).
-29
What is the value of -69 - (0 + -13 + -57 + 14 + 61)?
-74
Calculate 135 + -9 + 9 + -1 - (-120 + 121).
133
What is the value of 1 + ((1 - 5) + (-8 - -16) + -8 - 43)?
-46
4 + 34 + (-3 - -3) + (-213 - -217)
42
What is the value of (2 - (3 - 2)) + 25 + -20 + -9 + 10?
7
Evaluate -24 - ((2 - -18) + (-120 - -98)) - 19.
-41
Evaluate -9 - -1 - (-58 + (-22 - -66) + -22).
28
Calculate 37 + (21 - 76) - 12 - -38.
8
Evaluate -99 + -9 + 52 - (-26 - 2).
-28
(-6 - 2) + (33 - 9 - 11) + -39
-34
Calculate 62 + -20 + (20 - 127).
-65
What is the value of 80 + -71 + -17 + 60?
52
What is the value of (-7 - -11) + (-7 - -27 - (-6 + 12 - -2))?
16
(0 - 4) + (7 + 0 - -9 - (0 - 7))
19
What is 1 - (-67 + 151 + -58 + (-2 + 1 - -3))?
-27
4 + 37 + -2 - (